he prime factors of 1529833?
41, 37313
What are the prime factors of 5274674?
2, 89, 29633
What are the prime factors of 8952096?
2, 3, 93251
List the prime factors of 6662538.
2, 3, 17, 21773
What are the prime factors of 286805?
5, 19, 3019
List the prime factors of 488697.
3, 11, 59, 251
List the prime factors of 31846.
2, 15923
List the prime factors of 3144071.
7, 449153
List the prime factors of 320219.
320219
What are the prime factors of 1131660?
2, 3, 5, 6287
What are the prime factors of 342088?
2, 61, 701
List the prime factors of 1355050.
2, 5, 41, 661
List the prime factors of 5466380.
2, 5, 37, 83, 89
What are the prime factors of 41674496?
2, 162791
List the prime factors of 77848.
2, 37, 263
What are the prime factors of 1654728?
2, 3, 68947
What are the prime factors of 845776?
2, 52861
List the prime factors of 3667505.
5, 71, 10331
List the prime factors of 163451.
79, 2069
What are the prime factors of 385873?
37, 10429
What are the prime factors of 2047812?
2, 3, 13, 13127
What are the prime factors of 1143509?
107, 10687
List the prime factors of 1734564.
2, 3, 13, 11119
List the prime factors of 12479852.
2, 7, 11, 40519
What are the prime factors of 507893?
103, 4931
What are the prime factors of 5289862?
2, 23, 114997
What are the prime factors of 123488?
2, 17, 227
List the prime factors of 19133934.
2, 3, 3188989
What are the prime factors of 3752?
2, 7, 67
What are the prime factors of 4982483?
11, 452953
What are the prime factors of 6729351?
3, 743, 3019
List the prime factors of 3525098.
2, 41, 42989
List the prime factors of 27544398.
2, 3, 7, 137, 4787
What are the prime factors of 502050?
2, 3, 5, 3347
List the prime factors of 3181072.
2, 198817
What are the prime factors of 1332235?
5, 266447
What are the prime factors of 3446337?
3, 41, 28019
List the prime factors of 10392701.
11, 29, 32579
What are the prime factors of 340606?
2, 7, 24329
What are the prime factors of 1370804?
2, 97, 3533
What are the prime factors of 4399709?
4399709
List the prime factors of 9131338.
2, 4565669
List the prime factors of 212115.
3, 5, 79, 179
What are the prime factors of 24911170?
2, 5, 2491117
List the prime factors of 14831808.
2, 3, 77249
List the prime factors of 28917410.
2, 5, 2891741
What are the prime factors of 6642624?
2, 3, 29, 1193
What are the prime factors of 319263?
3, 7, 23, 661
List the prime factors of 9881140.
2, 5, 19, 26003
List the prime factors of 2999171.
7, 157, 2729
List the prime factors of 3790416.
2, 3, 7, 29, 389
List the prime factors of 200622.
2, 3, 29, 1153
List the prime factors of 290271.
3, 96757
List the prime factors of 4497917.
1381, 3257
What are the prime factors of 237795?
3, 5, 83, 191
What are the prime factors of 519431?
11, 47221
List the prime factors of 1263742.
2, 181, 3491
What are the prime factors of 868116?
2, 3, 73, 991
What are the prime factors of 2789394?
2, 3, 17, 23, 29, 41
List the prime factors of 1236666.
2, 3, 79, 2609
What are the prime factors of 999526?
2, 11, 45433
List the prime factors of 208023.
3, 69341
List the prime factors of 1167836.
2, 281, 1039
What are the prime factors of 349300?
2, 5, 7, 499
What are the prime factors of 249514?
2, 73, 1709
What are the prime factors of 455579?
455579
List the prime factors of 36274.
2, 7, 2591
What are the prime factors of 359507?
31, 11597
What are the prime factors of 356408?
2, 13, 23, 149
What are the prime factors of 1942298?
2, 971149
What are the prime factors of 73697?
13, 5669
List the prime factors of 134689.
367
List the prime factors of 34580636.
2, 401, 21559
List the prime factors of 405360.
2, 3, 5, 563
What are the prime factors of 296426?
2, 13, 877
What are the prime factors of 197540?
2, 5, 7, 17, 83
What are the prime factors of 10516523?
17, 618619
List the prime factors of 1706073.
3, 568691
List the prime factors of 652655.
5, 130531
What are the prime factors of 435033?
3, 48337
What are the prime factors of 10840273?
2531, 4283
List the prime factors of 1404608.
2, 17, 1291
What are the prime factors of 417635?
5, 101, 827
List the prime factors of 2261317.
67, 33751
List the prime factors of 3989665.
5, 797933
What are the prime factors of 48467?
17, 2851
List the prime factors of 1553978.
2, 239, 3251
What are the prime factors of 12926543?
7, 331, 797
List the prime factors of 124213.
124213
List the prime factors of 2740837.
11, 101, 2467
List the prime factors of 5274354.
2, 3, 163, 5393
List the prime factors of 448969.
448969
List the prime factors of 1495174.
2, 747587
What are the prime factors of 1054527?
3, 17, 23, 29, 31
List the prime factors of 434743.
434743
What are the prime factors of 10984811?
1459, 7529
List the prime factors of 691107.
3, 230369
What are the prime factors of 13628078?
2, 73, 269, 347
List the prime factors of 4018837.
4018837
What are the prime factors of 2600876?
2, 41, 15859
What are the prime factors of 7442251?
137, 54323
What are the prime factors of 108850?
2, 5, 7, 311
What are the prime factors of 11194647?
3, 3731549
List the prime factors of 2458948.
2, 17, 36161
List the prime factors of 331488.
2, 3, 1151
List the prime factors of 232347.
3, 41, 1889
List the prime factors of 2981.
11, 271
What are the prime factors of 382897?
61, 6277
List the prime factors of 6818259.
3, 7, 41, 7919
List the prime factors of 8876585.
5, 1775317
List the prime factors of 522633.
3, 19, 53, 173
List the prime factors of 20647991.
7, 13, 226901
List the prime factors of 886179.
3, 7, 19, 2221
List the prime factors of 33097491.
3, 7, 31, 269
List the prime factors of 18192674.
2, 53, 171629
List the prime factors of 1007612.
2, 251903
What are the prime factors of 8514136?
2, 61, 73, 239
List the prime factors of 8167102.
2, 4083551
List the prime factors of 5894112.
2, 3, 7, 179
What are the prime factors of 1441935?
3, 5, 11, 971
What are the prime factors of 4963790?
2, 5, 13, 38183
List the prime factors of 139325.
5, 5573
What are the prime factors of 991563?
3, 37, 8933
List the prime factors of 22231272.
2, 3, 7, 132329
List the prime factors of 33096685.
5, 29, 31, 37, 199
What are the prime factors of 4658132?
2, 1164533
List the prime factors of 567042.
2, 3, 7, 23, 587
List the prime factors of 4621032.
2, 3, 13, 4937
List the prime factors of 400641.
3, 83, 1609
List the prime factors of 3865189.
19, 203431
What are the prime factors of 143468?
2, 13, 31, 89
What are the prime factors of 6448624?
2, 7, 13, 43, 103
What are the prime factors of 1371152?
2, 17, 71
List the prime factors of 275878.
2, 271, 509
What are the prime factors of 702456?
2, 3, 29269
What are the prime factors of 96685?
5, 61, 317
What are the prime factors of 407702?
2, 19, 10729
What are the prime factors of 3526911?
3, 391879
What are the prime factors of 33464?
2, 47, 89
List the prime factors of 51153.
3, 17, 59
List the prime factors of 3477144.
2, 3, 11, 13171
What are the prime factors of 64251?
3, 11, 59
What are the prime factors of 1357525?
5, 13, 4177
List the prime factors of 10694201.
7, 218249
List the prime factors of 1667675.
5, 41, 1627
What are the prime factors of 135616?
2, 13, 163
What are the prime factors of 551879?
67, 8237
List the prime factors of 429732.
2, 3, 23, 173
What are the prime factors of 21146040?
2, 3, 5, 151, 389
What are the prime factors of 1149874?
2, 11, 52267
List the prime factors of 39341474.
2, 43, 457459
What are the prime factors of 514865?
5, 13, 89
List the prime factors of 30527718.
2, 3, 13, 19, 20599
What are the prime factors of 460352?
2, 7193
List the prime factors of 384909.
3, 7, 18329
List the prime factors of 34962200.
2, 5, 7, 13, 17, 113
What are the prime factors of 13382468?
2, 11, 17, 17891
What are the prime factors of 1101162?
2, 3, 183527
List the prime factors of 168314.
2, 23, 3659
What are the prime factors of 5237032?
2, 654629
What are the prime factors of 5295652?
2, 829, 1597
List the prime factors of 2226080.
2, 5, 13913
What are the prime factors of 2141853?
3, 7, 29, 3517
List the prime factors of 33797442.
2, 3, 7, 23, 59, 593
List the prime factors of 17077517.
17077517
List the prime factors of 70716.
2, 3, 71, 83
What are the prime factors of 964006?
2, 181, 2663
List the prime 